{"id":23,"date":"2025-12-28T12:55:57","date_gmt":"2025-12-28T12:55:57","guid":{"rendered":"https:\/\/fidgiz.com\/?page_id=23"},"modified":"2025-12-30T13:24:50","modified_gmt":"2025-12-30T13:24:50","slug":"home","status":"publish","type":"page","link":"https:\/\/fidgiz.com\/","title":{"rendered":"Bienvenue dans l\u2019univers Fidgiz"},"content":{"rendered":"\n<div style=\"height:100px\" aria-hidden=\"true\" class=\"wp-block-spacer\"><\/div>\n\n\n\n<div class=\"wp-block-uagb-advanced-heading uagb-block-947f44c7\"><h2 class=\"uagb-heading-text\">Obtenez les tous ! <\/h2><\/div>\n\n\n\n<div style=\"height:4px\" aria-hidden=\"true\" class=\"wp-block-spacer\"><\/div>\n\n\n\n<div class=\"wp-block-uagb-advanced-heading uagb-block-6f35641b\"><h6 class=\"uagb-heading-text\">D\u00e9couvrez l\u2019univers Fidgiz : figurines articul\u00e9es, th\u00e8mes vari\u00e9s et surprises.<\/h6><\/div>\n\n\n\n<div class=\"wp-block-uagb-advanced-heading uagb-block-889746e4\"><h6 class=\"uagb-heading-text\">Une collection de figurines qui voyagent \u00e0 travers diff\u00e9rents univers et \u00e9poques.<\/h6><\/div>\n\n\n\n<div style=\"height:58px\" aria-hidden=\"true\" class=\"wp-block-spacer\"><\/div>\n\n\n\n<div class=\"wp-block-uagb-image uagb-block-753030a3 wp-block-uagb-image--layout-default wp-block-uagb-image--effect-static wp-block-uagb-image--align-none\"><figure class=\"wp-block-uagb-image__figure\"><img decoding=\"async\" srcset=\"https:\/\/fidgiz.com\/wp-content\/uploads\/2025\/12\/logog-fidgiz-vikig-1024x658.png ,https:\/\/fidgiz.com\/wp-content\/uploads\/2025\/12\/logog-fidgiz-vikig.png 780w, https:\/\/fidgiz.com\/wp-content\/uploads\/2025\/12\/logog-fidgiz-vikig.png 360w\" sizes=\"auto, (max-width: 480px) 150px\" src=\"https:\/\/fidgiz.com\/wp-content\/uploads\/2025\/12\/logog-fidgiz-vikig-1024x658.png\" alt=\"\" class=\"uag-image-87\" width=\"1024\" height=\"658\" title=\"logog fidgiz vikig\" loading=\"lazy\" role=\"img\"\/><\/figure><\/div>\n\n\n\n<div style=\"height:62px\" aria-hidden=\"true\" class=\"wp-block-spacer\"><\/div>\n\n\n\n<div style=\"height:16px\" aria-hidden=\"true\" class=\"wp-block-spacer\"><\/div>\n\n\n\n<div class=\"wp-block-uagb-container uagb-block-c91521d7 alignfull uagb-is-root-container\"><div class=\"uagb-container-inner-blocks-wrap\">\n<div class=\"wp-block-uagb-advanced-heading uagb-block-bf1f45b0\"><h3 class=\"uagb-heading-text\">Choisissez entre le <mark style=\"background-color:rgba(0, 0, 0, 0);color:#40b7ff\" class=\"has-inline-color\"><em>Pack Myst\u00e8re<\/em> <\/mark>et le <em><mark style=\"background-color:rgba(0, 0, 0, 0);color:#ff5858\" class=\"has-inline-color\">Pack Myst\u00e8re \u00e0 Th\u00e8me<\/mark><\/em> !<\/h3><\/div>\n\n\n\n<div class=\"wp-block-uagb-container uagb-block-40498469 alignfull uagb-is-root-container\"><div class=\"uagb-container__shape uagb-container__shape-bottom uagb-container__invert\" data-negative=\"false\"><svg xmlns=\"https:\/\/www.w3.org\/2000\/svg\" viewBox=\"0 0 1000 100\" preserveAspectRatio=\"none\"><path class=\"uagb-container__shape-fill\" opacity=\"0.33\" d=\"M473,67.3c-203.9,88.3-263.1-34-320.3,0C66,119.1,0,59.7,0,59.7V0h1000v59.7 c0,0-62.1,26.1-94.9,29.3c-32.8,3.3-62.8-12.3-75.8-22.1C806,49.6,745.3,8.7,694.9,4.7S492.4,59,473,67.3z\"><\/path><path class=\"uagb-container__shape-fill\" opacity=\"0.66\" d=\"M734,67.3c-45.5,0-77.2-23.2-129.1-39.1c-28.6-8.7-150.3-10.1-254,39.1 s-91.7-34.4-149.2,0C115.7,118.3,0,39.8,0,39.8V0h1000v36.5c0,0-28.2-18.5-92.1-18.5C810.2,18.1,775.7,67.3,734,67.3z\"><\/path><path class=\"uagb-container__shape-fill\" d=\"M766.1,28.9c-200-57.5-266,65.5-395.1,19.5C242,1.8,242,5.4,184.8,20.6C128,35.8,132.3,44.9,89.9,52.5C28.6,63.7,0,0,0,0 h1000c0,0-9.9,40.9-83.6,48.1S829.6,47,766.1,28.9z\"><\/path><\/svg><\/div><div class=\"uagb-container-inner-blocks-wrap\">\n<div class=\"wp-block-uagb-container uagb-block-b3aa90cf\">\n<figure class=\"wp-block-image size-full has-custom-border is-style-default\" style=\"margin-top:0;margin-bottom:0\"><a href=\"https:\/\/fidgiz.com\/index.php\/produit\/pack-mystere\/\"><img loading=\"lazy\" decoding=\"async\" width=\"1575\" height=\"1575\" src=\"https:\/\/fidgiz.com\/wp-content\/uploads\/2025\/12\/Red-White-Bold-Simple-Fashion-Introduction-Poster-3685658456.png\" alt=\"\" class=\"wp-image-104\" style=\"border-top-left-radius:0px;border-top-right-radius:0px;border-bottom-left-radius:0px;border-bottom-right-radius:0px\" srcset=\"https:\/\/fidgiz.com\/wp-content\/uploads\/2025\/12\/Red-White-Bold-Simple-Fashion-Introduction-Poster-3685658456.png 1575w, https:\/\/fidgiz.com\/wp-content\/uploads\/2025\/12\/Red-White-Bold-Simple-Fashion-Introduction-Poster-3685658456-300x300.png 300w, https:\/\/fidgiz.com\/wp-content\/uploads\/2025\/12\/Red-White-Bold-Simple-Fashion-Introduction-Poster-3685658456-100x100.png 100w, https:\/\/fidgiz.com\/wp-content\/uploads\/2025\/12\/Red-White-Bold-Simple-Fashion-Introduction-Poster-3685658456-600x600.png 600w, https:\/\/fidgiz.com\/wp-content\/uploads\/2025\/12\/Red-White-Bold-Simple-Fashion-Introduction-Poster-3685658456-1024x1024.png 1024w, https:\/\/fidgiz.com\/wp-content\/uploads\/2025\/12\/Red-White-Bold-Simple-Fashion-Introduction-Poster-3685658456-150x150.png 150w, https:\/\/fidgiz.com\/wp-content\/uploads\/2025\/12\/Red-White-Bold-Simple-Fashion-Introduction-Poster-3685658456-768x768.png 768w, https:\/\/fidgiz.com\/wp-content\/uploads\/2025\/12\/Red-White-Bold-Simple-Fashion-Introduction-Poster-3685658456-1536x1536.png 1536w\" sizes=\"auto, (max-width: 1575px) 100vw, 1575px\" \/><\/a><\/figure>\n<\/div>\n\n\n\n<div class=\"wp-block-uagb-container uagb-block-47483a97\">\n<figure class=\"wp-block-image size-large has-custom-border\" style=\"margin-top:0;margin-bottom:0\"><a href=\"https:\/\/fidgiz.com\/index.php\/produit\/pack-mystere-a-theme\/\"><img loading=\"lazy\" decoding=\"async\" width=\"1024\" height=\"1024\" src=\"https:\/\/fidgiz.com\/wp-content\/uploads\/2025\/12\/Copie-de-Red-White-Bold-Simple-Fashion-Introduction-Poster-756465489874987-1024x1024.png\" alt=\"\" class=\"wp-image-350\" style=\"border-top-left-radius:0px;border-top-right-radius:0px;border-bottom-left-radius:0px;border-bottom-right-radius:0px\" srcset=\"https:\/\/fidgiz.com\/wp-content\/uploads\/2025\/12\/Copie-de-Red-White-Bold-Simple-Fashion-Introduction-Poster-756465489874987-1024x1024.png 1024w, https:\/\/fidgiz.com\/wp-content\/uploads\/2025\/12\/Copie-de-Red-White-Bold-Simple-Fashion-Introduction-Poster-756465489874987-300x300.png 300w, https:\/\/fidgiz.com\/wp-content\/uploads\/2025\/12\/Copie-de-Red-White-Bold-Simple-Fashion-Introduction-Poster-756465489874987-150x150.png 150w, https:\/\/fidgiz.com\/wp-content\/uploads\/2025\/12\/Copie-de-Red-White-Bold-Simple-Fashion-Introduction-Poster-756465489874987-768x768.png 768w, https:\/\/fidgiz.com\/wp-content\/uploads\/2025\/12\/Copie-de-Red-White-Bold-Simple-Fashion-Introduction-Poster-756465489874987-1536x1536.png 1536w, https:\/\/fidgiz.com\/wp-content\/uploads\/2025\/12\/Copie-de-Red-White-Bold-Simple-Fashion-Introduction-Poster-756465489874987-600x600.png 600w, https:\/\/fidgiz.com\/wp-content\/uploads\/2025\/12\/Copie-de-Red-White-Bold-Simple-Fashion-Introduction-Poster-756465489874987-100x100.png 100w, https:\/\/fidgiz.com\/wp-content\/uploads\/2025\/12\/Copie-de-Red-White-Bold-Simple-Fashion-Introduction-Poster-756465489874987.png 1587w\" sizes=\"auto, (max-width: 1024px) 100vw, 1024px\" \/><\/a><\/figure>\n<\/div>\n<\/div><\/div>\n<\/div><\/div>\n\n\n\n<div style=\"height:16px\" aria-hidden=\"true\" class=\"wp-block-spacer\"><\/div>\n\n\n\n<div style=\"height:37px\" aria-hidden=\"true\" class=\"wp-block-spacer\"><\/div>\n\n\n\n<div class=\"wp-block-group alignfull has-global-padding is-content-justification-center is-layout-constrained wp-container-core-group-is-layout-df757ecc wp-block-group-is-layout-constrained\" style=\"margin-top:0;margin-bottom:0;padding-top:calc( 0.5 * var(--wp--style--root--padding-right, var(--wp--custom--gap--horizontal)));padding-right:var(--wp--style--root--padding-right, var(--wp--custom--gap--horizontal));padding-bottom:calc( 0.5 * var(--wp--style--root--padding-right, var(--wp--custom--gap--horizontal)));padding-left:var(--wp--style--root--padding-left, var(--wp--custom--gap--horizontal))\">\n<div style=\"height:calc( 0.25 * var(--wp--style--root--padding-right, var(--wp--custom--gap--horizontal)))\" aria-hidden=\"true\" class=\"wp-block-spacer\"><\/div>\n\n\n\n<div style=\"height:calc( 0.25 * var(--wp--style--root--padding-right, var(--wp--custom--gap--horizontal)))\" aria-hidden=\"true\" class=\"wp-block-spacer\"><\/div>\n<\/div>\n\n\n\n<div style=\"height:61px\" aria-hidden=\"true\" class=\"wp-block-spacer\"><\/div>\n\n\n\n<p class=\"has-text-align-left has-border-color has-transparent-border-color has-adlam-display-font-family has-xx-large-font-size\" style=\"border-width:20px;border-top-left-radius:0px;border-top-right-radius:0px;border-bottom-left-radius:0px;border-bottom-right-radius:0px;font-style:normal;font-weight:400;letter-spacing:2px;line-height:1.7;text-transform:none\">Quels sera la prochaine<mark style=\"background-color:rgba(0, 0, 0, 0);color:#ff6900\" class=\"has-inline-color\"> <\/mark><mark style=\"background-color:rgba(0, 0, 0, 0);color:#d36bff\" class=\"has-inline-color\">destination<\/mark> pour les <mark style=\"background-color:rgba(0, 0, 0, 0);color:#69c6ff\" class=\"has-inline-color\">Fidgiz ?!<\/mark><\/p>\n\n\n\n<p class=\"has-text-align-left has-border-color has-transparent-border-color has-x-large-font-size\" style=\"border-width:20px;font-style:normal;font-weight:500;letter-spacing:2px;line-height:1.7;text-transform:none\">De nouvelles aventures et surprises t\u2019attendent\u2026 Reste connect\u00e9 pour d\u00e9couvrir leur <strong>prochaine destination<\/strong>\u202f!<\/p>\n\n\n\n<p><\/p>\n","protected":false},"excerpt":{"rendered":"<p>Obtenez les tous ! D\u00e9couvrez l\u2019univers Fidgiz : figurines articul\u00e9es, th\u00e8mes vari\u00e9s et surprises. Une collection de figurines qui voyagent \u00e0 travers diff\u00e9rents univers et \u00e9poques. Choisissez entre le Pack Myst\u00e8re et le Pack Myst\u00e8re \u00e0 Th\u00e8me ! Quels sera la prochaine destination pour les Fidgiz ?! De nouvelles aventures et surprises t\u2019attendent\u2026 Reste connect\u00e9 [&hellip;]<\/p>\n","protected":false},"author":1,"featured_media":0,"parent":0,"menu_order":0,"comment_status":"closed","ping_status":"closed","template":"","meta":{"_uag_custom_page_level_css":"","_swt_meta_header_display":false,"_swt_meta_footer_display":false,"_swt_meta_site_title_display":true,"_swt_meta_sticky_header":false,"_swt_meta_transparent_header":false,"footnotes":""},"class_list":["post-23","page","type-page","status-publish","hentry"],"uagb_featured_image_src":{"full":false,"thumbnail":false,"medium":false,"medium_large":false,"large":false,"1536x1536":false,"2048x2048":false,"woocommerce_thumbnail":false,"woocommerce_single":false,"woocommerce_gallery_thumbnail":false},"uagb_author_info":{"display_name":"admin8882","author_link":"https:\/\/fidgiz.com\/index.php\/author\/admin8882\/"},"uagb_comment_info":0,"uagb_excerpt":"Obtenez les tous ! D\u00e9couvrez l\u2019univers Fidgiz : figurines articul\u00e9es, th\u00e8mes vari\u00e9s et surprises. Une collection de figurines qui voyagent \u00e0 travers diff\u00e9rents univers et \u00e9poques. Choisissez entre le Pack Myst\u00e8re et le Pack Myst\u00e8re \u00e0 Th\u00e8me ! Quels sera la prochaine destination pour les Fidgiz ?! De nouvelles aventures et surprises t\u2019attendent\u2026 Reste connect\u00e9\u2026","_links":{"self":[{"href":"https:\/\/fidgiz.com\/index.php\/wp-json\/wp\/v2\/pages\/23","targetHints":{"allow":["GET"]}}],"collection":[{"href":"https:\/\/fidgiz.com\/index.php\/wp-json\/wp\/v2\/pages"}],"about":[{"href":"https:\/\/fidgiz.com\/index.php\/wp-json\/wp\/v2\/types\/page"}],"author":[{"embeddable":true,"href":"https:\/\/fidgiz.com\/index.php\/wp-json\/wp\/v2\/users\/1"}],"replies":[{"embeddable":true,"href":"https:\/\/fidgiz.com\/index.php\/wp-json\/wp\/v2\/comments?post=23"}],"version-history":[{"count":120,"href":"https:\/\/fidgiz.com\/index.php\/wp-json\/wp\/v2\/pages\/23\/revisions"}],"predecessor-version":[{"id":352,"href":"https:\/\/fidgiz.com\/index.php\/wp-json\/wp\/v2\/pages\/23\/revisions\/352"}],"wp:attachment":[{"href":"https:\/\/fidgiz.com\/index.php\/wp-json\/wp\/v2\/media?parent=23"}],"curies":[{"name":"wp","href":"https:\/\/api.w.org\/{rel}","templated":true}]}}